c(b) = 3679*b**2 - 22*b - 3. Is c(-2) a composite number?
True
Suppose -103*z = h - 106*z + 660, 2695 = -4*h + z. Let y be 2/6 + 12/(-9). Is 0/y + 2 - h prime?
True
Let d = 31718 - -15251. Is d prime?
False
Let m(v) = v**2 - v. Let x be m(4). Suppose 4760 - 88159 = -155*a + 44631. Suppose r - a = x. Is r composite?
True
Let c be (-274016)/(-40)*(3/2 - -1). Suppose -y = -2*i - 4*y + 8575, -2*y - c = -4*i. Is i a composite number?
False
Suppose -71*i + 131*i + 1812926 = 134*i. Is i a prime number?
True
Let k be 0*(-3)/(-21) + (3 - -1). Suppose 5*i + t - 19255 = -5725, -2*i + 5430 = k*t. Is i prime?
False
Let o(s) = -379960*s. Let b(d) = -409*d. Let r(t) = -3717*b(t) + 4*o(t). Is r(1) a composite number?
True
Let o(k) = k**2 - 23*k - 4. Let q be o(24). Suppose 97*c - q = 95*c. Is (-3 - 1) + 5/(c/10878) prime?
False
Let j = 335 + 1132. Suppose -19*f + 16*f = -j. Is f composite?
True
Let h(w) = w**2 + 4*w - 17. Let y be h(-7). Suppose -7*c + 6 = -y*c. Suppose 0 = -3*g + c*m + m + 3864, -3*g = 2*m - 3839. Is g composite?
False
Let u = -466 - -477. Let a(r) = 22 + 10 + 7*r**2 - 5*r - 6*r + r. Is a(u) prime?
True
Suppose 0 = -5*f - 2*v + 165435, f + 3*v - 33074 = -0*v. Suppose f = 11*o - 4*o. Is o a prime number?
False
Is 63*15/135 - -1108044 prime?
False
Suppose -u + 5*u = -2*q - 26, -5*q = -4*u + 9. Let c be 1/u - (-108)/48. Suppose 5*w - 6223 = -c*w. Is w prime?
False
Suppose -5*a = -z - 3663798, a - 2*z = 139608 + 593139. Is a a composite number?
False
Let q(l) = 11*l**2 + 29 - 5*l**2 - 12*l + 6*l**2 + 12. Is q(11) composite?
False
Let c(o) = 3293*o - 42. Is c(37) a composite number?
True
Let w be 296*(10 + -5 + 2). Let b be 45/2*w/(-70). Let q = b + 1297. Is q a composite number?
False
Let r(y) = -2*y**2 - 27*y - 38. Let j be r(-18). Let m = 3749 - j. Is m a prime number?
False
Suppose -5*k - 24977 = -7782. Let z = k + 7034. Is z prime?
False
Let q(a) = 3*a**2 - 38*a - 13. Let p be q(13). Suppose 8*r - 303808 - 361848 = p. Is r prime?
True
Suppose -2*f = -0*f + 5*b - 21, 4*b - 24 = -2*f. Let m(k) = -2 - f*k - 1 + 6*k**2 + 1 + 12*k + 7*k**3. Is m(3) composite?
False
Let q(l) = l**3 + 2*l**2 + 9*l + 19. Let j(u) = u**3 - 27*u**2 - 90*u + 6. Let p be j(30). Is q(p) composite?
True
Let l(v) = 608*v - 181. Suppose 3*a - 99 = -2*o, -15*a - 4*o + 105 = -12*a. Is l(a) a composite number?
True
Suppose -10227 = -13*u + 94124. Is u composite?
True
Suppose 3*r - 3*i = 147, -2*r + 5*i - i = -96. Let h = r + -49. Is -1 + h + (-290)/(-2) prime?
False
Let y be 9*(-1)/((-3)/2). Let l(w) = 96*w + 16*w**2 - 4*w**2 - 19 - 95*w. Is l(y) a prime number?
True
Let z = 19 - 11. Let d(o) = 3*o**3 - 4*o**2 - 16*o + 19. Let c(u) = 13*u**3 - 15*u**2 - 65*u + 77. Let q(v) = -2*c(v) + 9*d(v). Is q(z) a composite number?
True
Let k = -29181 - -79703. Suppose 12*s + 15398 - k = 0. Is s a prime number?
True
Suppose -u + 15 = -4*u. Let s(c) be the first derivative of 28*c**3 - 13*c**2/2 - 16*c + 1151. Is s(u) composite?
True
Let i be 340/42 - (-20)/(-210). Is (8 - (81398 - i))/(-2) a composite number?
True
Suppose -4*b - 38 = -30. Is 2*b*50607/(-36) prime?
True
Suppose -3*k + 12 = 0, -574 = -w - 203*k + 201*k. Suppose 0*t + 2*t - 306 = 5*o, 153 = t - 5*o. Let z = w - t. Is z prime?
False
Suppose -6*v = 772 - 4354. Let r = v + 190. Is r a composite number?
False
Suppose t - 9 = -4*d, 3*d - t - 6 = 2*d. Suppose s = -d, 5*l = -6*s + s + 32140. Is l composite?
True
Suppose i - 2*b + 7*b = 22, -2*b = 5*i - 18. Is 14/(-5) + i + 123504/80 composite?
False
Suppose 5*q + 10*m - 172021 = 13*m, 4*q - 137608 = -2*m. Is q composite?
False
Let k be (184/138)/((-12)/(-27)). Let x(n) = 50*n**2 + 6*n - 9. Let a be x(6). Suppose 3*p + 7*u - 3*u = a, 3*p - k*u - 1848 = 0. Is p a prime number?
True
Suppose 9*i - 5*i = -40. Let l be 6/i + 644/115. Suppose -4*g - 2*p = 349 - 3547, 0 = 5*g + l*p - 4010. Is g prime?
True
Let y(d) = -96*d**3 + 3*d**2 + 3*d + 4. Let j be y(-2). Let l = -569 + 257. Let c = j + l. Is c a composite number?
True
Suppose -2423567 = -81*k + 5624350. Is k a prime number?
False
Let z(g) = g**2 + 7*g + 12. Suppose 0 = -2*x + 7*x - 2*f + 18, 0 = x - 2*f + 10. Let m be z(x). Is (1/m)/((-8)/(-35920)) a composite number?
True
Let r(n) = n**3 + n**2 - 2*n - 66. Let b be r(15). Is b + (-6)/(48/(-56)) composite?
False
Let i be (-200)/52 + 4 + 2266/143. Suppose 2*c - 7*c - 19 = -a, 4*c + 24 = 3*a. Is 3 + (3 + i)*a a composite number?
False
Let w = 195720 + -115357. Is w a composite number?
False
Let q be (2 - 10/4)*-2. Let z(r) = r**2 - r - 12. Let m be z(4). Is q - m/(-2) - (-222 - -18) a composite number?
True
Suppose -4*a = t - 92105 - 203092, a = -2*t + 590359. Is t a composite number?
True
Let t be (-2)/((-18)/9)*6949. Let v = t - 4380. Is v a composite number?
True
Suppose 2*y + 134 = -3*j, -8*y = -6*y - 4*j + 106. Let t = y + 57. Is (-1 - t) + (-6860)/(-2) a composite number?
False
Let j(c) = c**3 + 130*c**2 + 578*c + 289. Is j(-104) composite?
False
Suppose -14 = -3*y - 0*l + 2*l, -3*l + 13 = 4*y. Suppose h + 3*a = -a - 10, y*h - 2*a + 4 = 0. Is -2*526/8*h a prime number?
True
Let a = 972410 + -540075. Is a composite?
True
Let k(f) = 3235*f**3 - 2*f**2 + 4*f + 10. Let b(s) = -2*s**3 + s + 1. Let u(j) = -3*b(j) - k(j). Is u(-2) prime?
True
Let t(q) = 118*q + 9. Let v(p) = p**2 - 6*p - 11. Let l be v(9). Suppose 5*m + l = -2*g + 54, g - 31 = -4*m. Is t(m) prime?
True
Suppose -5*y + 98496 + 598477 = 3*w, w + y = 232327. Is w prime?
False
Let f(q) = -1532*q + 603. Is f(-5) composite?
False
Suppose 22123021 = -158*k + 70966667. Is k a composite number?
False
Is 2 + (-51026)/(-2) - (173 - 181) prime?
True
Suppose 4*y = -5*b + 13046, b = -2*y - 3*b + 6526. Suppose 0 = -q + 3*q + 2, y = -2*r - 5*q. Let m = -938 - r. Is m a prime number?
False
Let c = 3725 - -11888. Is c a prime number?
False
Let a(s) = 1133*s - 625. Is a(4) a prime number?
True
Suppose -4*k = -5*k + 273. Let q = k + -736. Let r = q + 1694. Is r a prime number?
True
Suppose 3*b + 11 = 3*x - 1, -8 = -3*x + 2*b. Suppose x = 3*r - 1167 - 1155. Let n = 1609 - r. Is n a composite number?
True
Suppose 2*z = -2*d + 1641476, -5*z + 53*d + 4103672 = 52*d. Is z prime?
False
Suppose -117*h - 29045 = -122*h - 4*t, 2*h - 11618 = -2*t. Is h a prime number?
False
Let x = 137 + -127. Suppose 4*c + k = 13249, -x*c = -13*c - 4*k + 9927. Is c a prime number?
True
Suppose -1 = y + l, 1 = 5*y - l - 0. Suppose y = 75*q - 82*q + 20181. Suppose -10621 = -2*v - q. Is v a composite number?
True
Let f = 61 - 57. Suppose 49 = -i - f*w, 0*w = -4*i + 3*w - 215. Let l = 358 - i. Is l prime?
False
Is ((3 + 220)*-73 - -4*2)*-1 prime?
False
Let g(m) = -5*m**3 + 5*m**2 + 5*m - 2. Let y = -28 + 32. Suppose -4*j + o + 10 = -5*j, 0 = -y*j - o - 25. Is g(j) a prime number?
False
Let r = -404 + 403. Is 6/r + (5176 - 3) composite?
False
Suppose 3*g - 748992 = -154*q + 151*q, 4*q = 20. Is g composite?
False
Let g = 92 - 92. Suppose -2*f = -4*u + 8 - g, 5*f - 32 = -3*u. Suppose f*z = -3*c + 917, -2*z + 506 = 5*c - 1041. Is c prime?
True
Suppose -2*q = 5*i - 2845173, 0 = 3*q - 6164 + 6152. Is i composite?
True
Let g(i) = -4264*i + 201. Is g(-37) a composite number?
True
Suppose 635*w + 11 = 646*w. Let h(b) = 124*b + 0 + 173*b + 1. Is h(w) composite?
True
Suppose -9 + 17 = 2*x, 952 = -4*p + 2*x. Is (-117585)/(-4) + -1 - (-59)/p prime?
False
Let p = 367584 + -220447. Is p composite?
False
Suppose -i - 259136 = -5*z + 154769, 2*z + 4*i - 165562 = 0. Is z composite?
False
Is (-5*(-3157602)/(-140))/((-3)/2) a composite number?
False
Let y = 71 - 57. Suppose y*q + 13055 = 21*q. Is q prime?
False
Let s(x) = 2839*x + 295. Is s(4) prime?
False
Let d = 78127 - 4896. Is d a composite number?
True
Let f(l) = 6*l**2 - 5*l - 4. Let r be f(-1). Suppose 2*u + 2*w = r*u - 11, u + 2*w = 7. Let g(y) = 63*y - 8. Is g(u) prime?
True
Suppose 39*l = 13*l + 6746974. Is l a prime number?
True
Let s = 28413 - 16342. Is s a prime number?
True
Let h(x) = 4952*x + 2583. Is h(31) a prime number?
False
Is ((-2)/(-7))/((-50)/(-43446725)) a composite number?
False
Let u = -4728 + 26102. Is u a composite number?
True
Is ((-4)/(-6) - 1)*35978823/(-81) a prime number?
True
Is 17532497/45 + (2 - 1748/855) prime?
False
Let w be (-180)/(-8) + (3 - 18/4). Is 222/(-4)*(-2884)/w - 1 prime?
True
Let n be